 are the prime factors of p?
2, 89
Suppose 5*v - 30 = -160. Let f be -9 + 3 + -1 + -57. Let l = v - f. List the prime factors of l.
2, 19
List the prime factors of (-1)/(-15)*3 - 32232/(-40).
2, 13, 31
Let c = 15136 - 10881. What are the prime factors of c?
5, 23, 37
Suppose -390963 = -117*k + 1034331. What are the prime factors of k?
2, 6091
Let g be 9/4*(-8)/(-6). Suppose 6*w - g*w + 12 = 0, -j = w - 309. List the prime factors of j.
313
Suppose 46*s - 27*s - 95 = 0. Suppose -20*f - s*f = -36575. What are the prime factors of f?
7, 11, 19
Suppose 3*q + 2 = 32. Let y = -235 - -220. List the prime factors of q/y*-15 + -4.
2, 3
Suppose 35*a - 458932 = 73733. List the prime factors of a.
3, 19, 89
Let b(f) = 96*f + 1253. List the prime factors of b(-10).
293
Let z = 20405 + 8174. List the prime factors of z.
28579
Suppose 5*v = -2*d + 9937, -34*v = -33*v - 5*d - 2009. What are the prime factors of v?
3, 13, 17
Let s(x) = x**3 - 4*x**2 + 3*x + 4. Suppose 2*l - 7 + 1 = 0. Let g be s(l). Suppose 3*z = 5*n + 98, -g*z - 2*n + 153 = z. List the prime factors of z.
31
Let l = -7513 - -7671. Suppose 0 = 3*p + 11 - 35. Suppose -l - 26 = -p*u. List the prime factors of u.
23
Suppose 122*i - 2142432 = 68208. List the prime factors of i.
2, 3, 5, 151
Let k(t) = -2*t + 7. Let u be k(-6). Let x = u - 16. Suppose 0*a - 4*a - 2*g + 354 = 0, x*g = -a + 91. What are the prime factors of a?
2, 11
Let w(s) = -6*s + 58. Let n = -65 + 83. Let j be w(n). Let h = j + 208. What are the prime factors of h?
2, 79
Suppose -6*j - 19 = -37. Suppose g + 440 = 2*s - 591, j*s = 2*g + 1544. What are the prime factors of s?
2, 7, 37
Suppose 0*n - 4*s + 20 = 4*n, 4*n = -s + 26. Suppose -33*k + 3181 = 805. Suppose 2*w - 2*z + n - 103 = 0, -2*w + k = 4*z. What are the prime factors of w?
2, 11
Let q = 127740 + -82721. What are the prime factors of q?
13, 3463
List the prime factors of 33/(-3) - 37359/(-7).
2, 2663
Let p = 8854 - -2917. What are the prime factors of p?
79, 149
What are the prime factors of ((-3)/1)/((-78)/139542)?
3, 1789
Let i = -169 + 171. Let z = 8 - 6. Suppose i*j + u = 111, j + z*u - 108 = -j. List the prime factors of j.
3, 19
Suppose t + 237 = 526. Let h = -35 + t. What are the prime factors of h?
2, 127
Let i(f) = 8*f**2 + 6*f + 19. Let s be i(6). Let p = 828 - s. What are the prime factors of p?
5, 97
Let q(m) = -2*m - 52. Let i = -101 - -84. Let y be q(i). Let a(v) = -v - 4. What are the prime factors of a(y)?
2, 7
What are the prime factors of 85/((64/11488)/(8/4))?
5, 17, 359
Let d = 1946 + -981. Suppose -25 = 5*y, 3*y - 8*y = c - d. What are the prime factors of c?
2, 3, 5, 11
Suppose 26 + 142 = -6*c. List the prime factors of (-6106)/(-8) + 7/c.
7, 109
Let m be ((4 - 5)*2)/((-4)/10). Suppose q + 20 = 2*o - q, m*o - q = 30. Suppose o*t - 620 = -2*h, h + 620 = -t + 6*t. What are the prime factors of t?
2, 31
Suppose -3*t + 12155 = b, 4069 = 2*t - t - 4*b. List the prime factors of t.
3, 7, 193
Let z(s) = 4*s**3 + 11*s**2 - 9*s + 55. Let h(g) = -7*g**3 - 23*g**2 + 19*g - 111. Let m(p) = 3*h(p) + 5*z(p). List the prime factors of m(-16).
2, 131
Suppose 4*t = -5*g + 3*t + 204, t = 3*g - 116. Let h be (-1)/2 - (-31)/(-2). List the prime factors of h/g - (-377)/5.
3, 5
Suppose -5*w + 15 = -5*s, 9*s = 4*w + 4*s - 11. Suppose 8*d - w*d = 60. Let k = d - 12. List the prime factors of k.
3
Let s(b) = -141*b**3 + b**2 - 2*b - 8. What are the prime factors of s(-2)?
2, 3, 47
Let p = -58959 + 101624. List the prime factors of p.
5, 7, 23, 53
Suppose 2*u - 2*w = 1294, -3*u + w + 3215 = 2*u. Let g = 349 + u. List the prime factors of g.
991
Let j = 19954 - 9826. What are the prime factors of j?
2, 3, 211
Suppose 52*k - 27*k = 125. Suppose 4*r + 5*z = 3891, 8*r - k*z - 4875 = 3*r. List the prime factors of r.
2, 487
Let g(r) = -r**3 + 25*r**2 + 23*r + 80. Let h be g(26). Suppose -2*f = h*w - 1402, 0 = 2*f + 3*f - w - 3535. List the prime factors of f.
2, 353
Suppose 3*z - 66 = -2*o + z, -3*z = 9. Suppose 0 = -8*j + 4*j - 2*p - 444, -3*p = 0. Let u = o - j. List the prime factors of u.
3, 7
Let t(l) = 2*l**2 + 1. Let r(g) = 2*g**3 - 7*g**2 - 3*g + 4. Let j be r(4). Suppose 6*y = j*y + 20. List the prime factors of t(y).
3, 67
Let d = -206 + 204. What are the prime factors of (-728)/(-1 - 7) - d*2?
5, 19
Let f(d) = 3*d + 7. Let x be f(-1). Let r = 35 + -30. Suppose -760 = o - r*o - x*b, -2*o + b + 368 = 0. List the prime factors of o.
2, 3, 31
Let z = 1710 + -2535. Let g = 1498 + z. List the prime factors of g.
673
Suppose 21*v = -15474 - 150. Let y = -565 - v. What are the prime factors of y?
179
Let i = 8 + -2. Let w(h) = h**2 + 15*h**3 + h + 9*h**3 + 11*h**3 - i*h**3 - 1. What are the prime factors of w(1)?
2, 3, 5
Suppose 5*a - 6*a = -3*t - 10737, 0 = t + 6. List the prime factors of a.
3, 397
Let t(i) = 807*i**2 + 101*i + 387. List the prime factors of t(-4).
5, 2579
Suppose 4*m - 79280 = -4*o, 79235 = -46*m + 50*m - 5*o. List the prime factors of m.
3, 5, 1321
Suppose -21*t - 174 - 57 = 0. What are the prime factors of t/((-99)/(-2)) - (-50140)/45?
2, 557
Let c be 18*(-1)/(12/(-40)). Let h be (-294)/1078 + 3086/22. Let u = h - c. List the prime factors of u.
2, 5
Let i(q) = -4*q + 15. Let s be i(6). Let n(h) = h**2 + 3*h + 11. Let g be n(s). Suppose u + 166 = 5*j - 3*j, -5*u = -j + g. What are the prime factors of j?
5, 17
Let w = 15211 + -2521. List the prime factors of w.
2, 3, 5, 47
Suppose 2*t - 14 = -2*o, -2*t + 0*o + 12 = 4*o. Suppose 0 = 7*i - t*i + 12. Let k = i + 22. List the prime factors of k.
2, 17
Let b = 3412 - 3325. Let i = -228 - -378. Let a = i - b. List the prime factors of a.
3, 7
Let o = 1106 - 568. Let y be o/7 + (-6)/(-42). Let u = y - -11. What are the prime factors of u?
2, 11
Suppose -d - 2*a = 6, 0 = -5*d + d - 5*a - 12. What are the prime factors of 3*d/6*-1 - -338?
337
Let y(p) be the first derivative of 25*p**2/2 + 23*p + 14. Let c(u) = 17*u + 15. Let l(k) = -8*c(k) + 5*y(k). List the prime factors of l(-4).
3, 13
Let b = 22940 + -12822. List the prime factors of b.
2, 5059
Let v(j) = -j + 4. Let b(y) = 50*y - 21. Let o(k) = -b(k) - 6*v(k). Let c = 2 - 6. What are the prime factors of o(c)?
173
Let f(q) = -34*q + 106. Let d be f(3). Let v(s) = 55*s**2 - 32*s + 2. List the prime factors of v(d).
2, 13, 29
Suppose 2*z - 138 + 102 = 0. Suppose 0 = 3*q + g - 54, 2*q + 5*g - z = q. List the prime factors of q.
2, 3
What are the prime factors of -18 - (-19)/((-133)/(-108444))?
2, 3, 2579
Suppose 3*h = 3*v + 3, 0*h - 1 = 3*h - v. List the prime factors of (h - (-1 - 5) - 6) + 137.
2, 17
Suppose -222310 + 78958 = -24*r. List the prime factors of r.
3, 11, 181
Let k be ((-159)/4*-12)/((-6)/4). Let v = -140 - k. What are the prime factors of v?
2, 89
Let l be (-2094)/24 - 5/(-20). Let z be (-351)/(-2) - (-9)/(-6). Let j = z + l. List the prime factors of j.
3, 29
Suppose 0 = 14*a + 24 - 192. Suppose 0 = -a*c + 3*c + 3375. List the prime factors of c.
3, 5
Suppose -2*u = -3*q - 12, -1 = 13*u - 16*u - 4*q. Suppose 0 = 3*s - u*c - 2*c - 976, -5*s - 5*c + 1560 = 0. List the prime factors of s.
317
Let z = -4799 + 7519. Suppose -2*b + 3*l - 3392 = -7*b, -4*b + z = -4*l. What are the prime factors of b?
7, 97
Suppose b + 4*q - 7 = 11, -4*q + 28 = 2*b. Let m(x) = -x**2 + 12*x + 17. Let f be m(b). Suppose -3*n - f = -193. What are the prime factors of n?
2, 13
Suppose 0 = 2*w - 3*o - 570, -2*w + 1160 = 2*w + 4*o. Suppose -w = -5*y - 7*y. Let p = 155 - y. List the prime factors of p.
131
Let o(g) = -g**3 - 8*g**2 + 7*g - 2. Let m be o(5). Let c = 106 + m. Let b = -94 - c. What are the prime factors of b?
2, 23
Let c(g) = -370*g + 50379. What are the prime factors of c(0)?
3, 7, 2399
Let a = 81 + -76. Suppose -3*l + 857 = -4*s, a*s + 574 + 861 = 5*l. Let m = 492 - l. List the prime factors of m.
3, 67
Let g(f) = 35*f**3 - 4*f**2 - 14*f + 53. List the prime factors of g(6).
5, 7, 211
List the prime factors of (-1)/(-2) + (-110044)/(-488).
2, 113
Let c(k) be the first derivative of 2 - 5*k - 15 - 152*k**2 + 133*k**2. List the prime factors of c(-2).
71
Let x(g) = 33*g**2 - 7*g - 5. Suppose 0 = 14*h - 19*h - 10. List the prime factors of x(h).
3, 47
Suppose -3*b = -20 - 25. List the prime factors of 1405/1 + (b - 19).
3, 467
Let g = -11141 - -19686. What 